k**3/3 + 3*k**2 - k - 8. What is h(f)?
7
Let f(d) be the second derivative of -1/6*d**3 + 0 + 10*d + 1/2*d**2. Let y = 3 - -3. What is f(y)?
-5
Let i(r) = r**2 - r. Let g(j) = -3*j**2 - 2*j + 6. Let x(f) = -g(f) - 4*i(f). Let u(l) = 2*l**3 + l**2 - 7*l - 1. Let c be u(2). What is x(c)?
-1
Let z be ((-14)/105)/(((-2)/2)/15). Let b(v) be the second derivative of 1/2*v**z + 0 + v + 1/3*v**3. Calculate b(1).
3
Suppose 4*f - 6*f = 72. Let d = f + 39. Let w(g) = -g**2 + 2*g - 3. Determine w(d).
-6
Let x(v) = -v**2 + 9*v - 6. Let h be (-11)/((-55)/15) - (5 - 8). Determine x(h).
12
Suppose -2*v - 5*j - 18 = 0, 10 = v + v - 2*j. Let d(y) = -8*y**3 + y**2 - 2*y + 1. Determine d(v).
-8
Suppose 113*k - 30 = 103*k. Let s(y) = -2*y**3 + 5*y**2 - 4*y + 3. Give s(k).
-18
Let t = 42 - 62. Let d be 12/t - (-33)/5. Let c(u) = 7*u**2 - 5*u + 2 - 5 + 1 - u**3. Give c(d).
4
Let r(y) = y + 11. Let x = 1 - -8. Suppose 0*i = i - x. Suppose i*p - 3*p = 0. Give r(p).
11
Let u = 63 + -61. Let b(y) = y**3 - 2. What is b(u)?
6
Suppose 0*o + 32 = -4*o. Let x = 10 + o. Let n(h) = -h - 1 - 3 - 3*h**x + 4*h**2 - h. Give n(-3).
11
Let j(b) be the first derivative of -b**4/4 + b**3 + 2*b - 154. What is j(-3)?
56
Let x(n) = n**3 - 7*n**2 + 6*n - 4. Let j be x(6). Let f(r) = 302*r + 2 - 142*r - 159*r. Calculate f(j).
-2
Suppose 17 = 18*t - 1. Let u(r) = 13*r**3 - r**2. Calculate u(t).
12
Let c(u) be the first derivative of -8*u - 1/2*u**2 + 0*u**3 - 5 + 1/20*u**5 + 1/12*u**4. Let g(r) be the first derivative of c(r). Determine g(-1).
-1
Let k(m) = -11*m**2 - 7*m + 26. Let y(f) = 24*f**2 + 15*f - 57. Let u(o) = 13*k(o) + 6*y(o). Suppose 5*p = t + p - 12, -6 = -2*t + 2*p. What is u(t)?
-4
Let q(m) = 6*m - 12. Let o = 798 - 803. Determine q(o).
-42
Suppose -2*n = 6 + 4. Let a = 107 - 100. Let f(o) = 1 + 4*o**2 - 2*o - 4*o + a*o**3 - 6*o**3. What is f(n)?
6
Let q(l) = l**3 - 10*l**2 + 8*l + 15. Suppose -2*w + 21 = -3*i, 72*w - 68*w - 34 = -2*i. Determine q(w).
6
Let t(c) be the third derivative of -c**6/360 - 5*c**4/24 - 27*c**2. Let w(v) be the second derivative of t(v). Let h be 3 + -2 + 0/2. Calculate w(h).
-2
Let p(o) be the third derivative of o**6/120 - o**4/8 + o**3/6 - 183*o**2. Calculate p(0).
1
Let t(w) be the second derivative of -w**7/840 - w**6/72 + 7*w**5/120 + 3*w**4/8 - 43*w**3/6 - 19*w. Let o(v) be the second derivative of t(v). Give o(-6).
3
Let n(x) be the second derivative of x**5/60 - 11*x**3/6 - 18*x**2 - 32*x. Let a(w) be the first derivative of n(w). Give a(0).
-11
Let x(b) = 29*b**3 + 27*b**2 + 21*b + 38. Let c(n) = 25*n**3 + 26*n**2 + 21*n + 37. Let w(k) = 7*c(k) - 6*x(k). Calculate w(-19).
-7
Let f(x) = -65*x + 323. Let v be f(5). Let d(m) = 7*m + 1. Determine d(v).
-13
Let x(m) = -m**3 + 19*m**2 - m + 25. Let l = -1493 + 1512. Determine x(l).
6
Suppose -l = 3*l - 12. Let p(f) = -6*f + l*f + 6*f + 5. Let c = -11 + 7. What is p(c)?
-7
Let j be (-378)/(-21)*(-1)/(-3). Let g(s) = 7 + 2 - 6*s + s**2 - 2 - j. What is g(7)?
8
Let h(q) = q + 3. Let w(t) = 2*t**2 + 2*t - 2. Let y be w(2). Suppose 4*n = 6*n + y. Let d(z) = -z - 2. Let i be d(n). Give h(i).
6
Suppose -4*n + 3*g + 39 = -8, -3*n - 5*g = 1. Let d(h) = -2*h**2 + 18*h - 12. Give d(n).
4
Let f(a) be the second derivative of -a**4/12 + a**3 + 27*a**2/2 - 4*a - 19. Calculate f(9).
0
Let w be 91/(-52) + 3/4. Let d be (3 - (-1)/w) + 2. Let l(z) = z**3 - 3*z**2 - 2*z - 4. Give l(d).
4
Let d(a) = -a**3 - 7*a**2 - 2*a - 9. Suppose 0 = 3*i - 3*u - 9, 5*u = -i + 3*u + 3. Suppose -i = -3*y - 0. Let f = -6 - y. Calculate d(f).
5
Suppose -z + 5*z - 28 = 0. Let f(q) = 2*q**2 - 2*q - 2. Let y be f(-3). Suppose z = -5*p + y. Let m(i) = 3*i - 2. Determine m(p).
7
Let j(x) = 3*x - x + 3 - 4*x + 0. Let w = -266 + 270. What is j(w)?
-5
Suppose 0 = 2*b - 5*b. Let z(w) = b - 4 + w**2 + 3. Let o = 6 + -6. Determine z(o).
-1
Suppose -w = -5*w + 24. Let b = -115 - -117. Let f(n) = 26*n**2 + 28*n**b + 2*n - n**3 - 9 - 48*n**2. Determine f(w).
3
Suppose -32*q = -33*q - 4. Let t(d) = -13*d - 10. Calculate t(q).
42
Let n = 19 - 18. Let g(q) = 1. Let v(u) = -7*u + 7. Let w(d) = 3*g(d) - v(d). Let j(l) = l**2 + l. Let x(a) = n*w(a) - 2*j(a). Give x(4).
-16
Let t = 16 - 14. Let x = -19 + 24. Let y(a) = 9*a**3 - 3*a**2 + 9*a**3 - 21*a**3 + a + x*a**3. What is y(t)?
6
Let z(f) = -4 + 3*f**2 - f**3 + 0*f**3 - 4*f + 7*f + 2. Determine z(3).
7
Let c be (-9)/(-6) + (-3)/2. Suppose -2*r + 7 + 1 = c. Let h(v) = 5*v - 5. What is h(r)?
15
Let b(s) be the third derivative of s**5/60 - 7*s**4/24 - 3*s**3/2 - 17*s**2. Let a be 5/(10/(-3))*-2. Suppose a*u + 0*u - 21 = 0. Calculate b(u).
-9
Suppose 12 = 5*m - 3*m. Let q(f) be the first derivative of f**2/2 - 4*f - 83. Calculate q(m).
2
Let z = -21 + 24. Suppose 4*d - 22 = 2*l, 5*d + 2*l = 17 + 6. Let y(q) = -2*q**2 + 5 - 4*q**2 - 4*q + z*q + d*q**2. Determine y(4).
-15
Suppose 17 = 3*k - h, 11 = 3*k - 3*h - 4. Let c = -24 + 35. Let g(z) = -3*z**2 + z**2 - 4*z**2 + c*z**3 - 10*z**3 + 4. What is g(k)?
4
Let l(q) = -q + 3. Suppose 2*f + 8 = 3*o, -4*f + 0 = -5*o + 14. Calculate l(o).
1
Let p be (2/(-2) - -1)/1. Let m(j) = j**2 + 0*j**2 - 2 + p + 7*j. Let n be (-1 + 2/5)*4150/415. Calculate m(n).
-8
Let t(g) be the second derivative of -2/3*g**3 + 11*g - 1/12*g**4 + 3*g**2 + 0. Determine t(-5).
1
Let i = 106 - 113. Let d(n) = n**2 + 8*n + 12. Determine d(i).
5
Let i(h) = 22*h - 2. Let r(a) = -11*a + 1. Let y(q) = -2*i(q) - 5*r(q). Calculate y(1).
10
Let p = 5 + -13. Let c(g) = -7 - 15 - g + 11. Calculate c(p).
-3
Let o(p) = -3*p**2 + 2*p - 2. Let m(q) = -q**2 + 18*q - 77. Let v be m(7). What is o(v)?
-2
Let r(l) = 4*l**3 - l**2 - 5*l - 2. Let k(n) = 3*n**3 - 2*n**2 - 4*n + 2. Let p(u) = -3*k(u) + 2*r(u). What is p(4)?
-2
Let g = 2 + 2. Let w be 1/((-2)/2) + g. Let o = w - -3. Let z(i) = i**3 - 5*i**2 - 5*i - 8. Give z(o).
-2
Let q(g) = 39*g + 19 - 20*g - 49 - g**2 - 35*g. What is q(-14)?
-2
Let y be ((-3)/(-12) - 1)*(-31 + -1). Let f(t) = -5 + 74*t - 25*t - y*t - 26*t. Calculate f(-6).
1
Let z(j) = -j + 4. Let m be z(3). Let k(b) = 5*b + 1. Let f(v) = 37*v + 4. Let n(p) = -f(p) + 5*k(p). Calculate n(m).
-11
Let g(s) = 2*s - 5. Let i be g(4). Let l(c) = -2*c**3 + 0 + 4*c + c**i - 5*c - 4*c**2 - 1. Suppose 0 = -5*u + z - 12, 2*u - u = -5*z - 18. Calculate l(u).
-7
Let x(n) = 2*n - 31 + 33 + 6*n**2 + n. Calculate x(-2).
20
Let f = 14 - 6. Let z be (-40)/32 + (-6)/f. Let d(p) = -p**3 - 4*p**2 - 4*p - 2. Calculate d(z).
-2
Let x(t) = 4*t**3 + t**2 - 4*t + 6. Let n(r) = 6*r**3 - 4*r + 7. Let j(u) = 3*n(u) - 4*x(u). Determine j(2).
5
Let b(d) = 6 + d - 5 + 3*d**2 - 2*d**2 + 6 - 8. Determine b(5).
29
Let f(d) = 11*d - 8 - 6*d**2 - 4 + 10*d**2 - 5*d**2. Calculate f(10).
-2
Let z(t) = 9*t - 27*t - 4 - t**3 - 7*t**2 + 9*t. Calculate z(-6).
14
Let m(t) = 3*t**3 + 4*t**2 - 4*t - 3. Let a(g) = 7*g**3 + 8*g**2 - 8*g - 7. Let q(j) = 4*a(j) - 9*m(j). Determine q(4).
15
Let f(q) = q**2 - 10*q - 2. Let n(y) = y + 40. Let o be n(-31). Determine f(o).
-11
Let q(n) be the second derivative of n**6/120 + n**5/30 + n**4/12 - n**3/6 - 8*n**2 + 4*n. Let a(u) be the first derivative of q(u). Calculate a(-2).
-5
Let b(r) = 11*r**2 - 2*r + 1. Suppose -3*w - 2 - 4 = 0. Let q(p) = p**3 + 3*p**2 - 3. Let h be q(w). Calculate b(h).
10
Suppose 6*n - 28 = -n. Let b(d) = d**3 - 2*d**2 - 6*d + 6. Give b(n).
14
Let t(f) be the second derivative of 2*f**3/3 + f**2/2 + 24*f. Let w(b) = b**2 - 3*b - 1. Suppose 3*z - 15 = -2*z. Let r be w(z). Give t(r).
-3
Let f(i) = -4*i**2 + 9*i - 6. Let u be f(2). Let m be (u + (3 - -1))/3. Let l(g) = -1 + g + 0*g - 1. Calculate l(m).
-2
Let h(d) = -d - 2. Suppose -b + 135 = 4*w, 40 - 1 = w + 2*b. Let j = 38 - w. Calculate h(j).
-7
Suppose -4*r = -5*n + 12 + 28, 2*n - 2*r = 16. Let p(d) = d**3 - 9*d**2 + 9*d - 8. Determine p(n).
0
Let b(f) = 3*f + 1. Suppose 3*z = -10 - 2, -4*z - 13 = l. Suppose -l*m = -m - 2. What is b(m)?
4
Let f(h) = h**3 + 6*h**2 - 7*h + 4. Suppose -88*z + 94*z + 42 = 0. What is f(z)?
4
Let i(m) = -2*m**3 - 4*m**2 - 3*m. Suppose -3*k + 0*s = -5*s + 16, 2*s = 4. Determine i(k).
6
Let j(b) = -b**2 + 11*b - 7. Let w(t) = -t**2 + 8*t - 16. Let n be w(5). Let g(p) = -p + 1. Let l = -7 - -3. Let x(d) = l*g(d) + n*j(d). Calculate x(7).
3
Suppose 2*n = -2*n + 12. Let z(k) = 41*k + 10. Let a(y) 